e
Is 208237765 a prime number?
False
Is 918601 composite?
True
Is 216537127 a composite number?
False
Is 13751 a composite number?
False
Is 37010851 composite?
False
Is 70637563 composite?
False
Is 12703139 composite?
True
Is 911503 a composite number?
False
Is 2532241 a composite number?
False
Is 13324831 a composite number?
True
Is 2957131 prime?
False
Is 21002377 prime?
False
Is 217440401 a composite number?
True
Is 6024017 composite?
False
Is 382013 prime?
False
Is 124919 a prime number?
True
Is 579628743 a composite number?
True
Is 566201 composite?
False
Is 1114489 a prime number?
True
Is 8663239 a composite number?
True
Is 33113839 a composite number?
True
Is 131077961 a prime number?
False
Is 88177363 prime?
True
Is 3505267 composite?
False
Is 19424617 composite?
True
Is 624031 prime?
True
Is 56897609 prime?
False
Is 21405047 composite?
False
Is 1997531 a prime number?
True
Is 1197751855 a prime number?
False
Is 113699 a composite number?
True
Is 58190434 a prime number?
False
Is 900409 prime?
True
Is 36100073 composite?
False
Is 482269 a prime number?
False
Is 79793633 a composite number?
True
Is 2467589 a composite number?
True
Is 4363539 composite?
True
Is 34044919 a composite number?
False
Is 9656753 composite?
False
Is 3767297 prime?
True
Is 127683869 a composite number?
True
Is 9809099 composite?
True
Is 22433663 a prime number?
False
Is 39525457 prime?
False
Is 250934891 a composite number?
False
Is 415013 prime?
True
Is 1080621265 composite?
True
Is 122325083 prime?
True
Is 28468371 composite?
True
Is 35111737 composite?
True
Is 8544409 prime?
False
Is 73033547 composite?
True
Is 1557067 composite?
False
Is 260555771 prime?
False
Is 48574541 a prime number?
True
Is 1140689 a composite number?
True
Is 2756821 composite?
False
Is 4140683 a composite number?
False
Is 258216067 prime?
True
Is 4080889 composite?
False
Is 112809883 prime?
False
Is 7849559 a prime number?
False
Is 7458293 composite?
True
Is 465919793 composite?
True
Is 56877059 composite?
False
Is 6632167 a composite number?
False
Is 1977281 a composite number?
True
Is 47651287 prime?
False
Is 21374071 prime?
True
Is 18418069 a composite number?
True
Is 249413129 a prime number?
False
Is 28356073 a prime number?
False
Is 13418879 a prime number?
True
Is 236391121 a composite number?
False
Is 4103747 a prime number?
False
Is 3705815 a composite number?
True
Is 55650421 a composite number?
True
Is 182523259 prime?
False
Is 73033639 composite?
True
Is 1447751 a prime number?
False
Is 6279257 prime?
True
Is 52035047 a prime number?
False
Is 141751531 composite?
True
Is 8344733 a prime number?
True
Is 13281145 a prime number?
False
Is 160118458 composite?
True
Is 491845 composite?
True
Is 340193527 composite?
False
Is 780583 a prime number?
True
Is 741393127 composite?
False
Is 464651987 prime?
False
Is 10590863 prime?
True
Is 538096771 composite?
False
Is 37840379 composite?
True
Is 312446857 composite?
True
Is 20465443 prime?
False
Is 11663671 prime?
False
Is 1972643 prime?
True
Is 35212465 composite?
True
Is 7523177 a prime number?
True
Is 67244491 a prime number?
True
Is 14674687 a prime number?
False
Is 36585499 a prime number?
False
Is 13144673 composite?
False
Is 3740497 composite?
False
Is 1595939 composite?
True
Is 257036441 prime?
True
Is 51784511 a composite number?
False
Is 92034181 a prime number?
False
Is 20533139 a prime number?
False
Is 206654531 a composite number?
False
Is 163453 composite?
True
Is 64659191 a prime number?
False
Is 2636731 a prime number?
False
Is 1029517 composite?
False
Is 10620611 composite?
False
Is 998527 composite?
False
Is 12587539 prime?
True
Is 95783 prime?
True
Is 3195238 a composite number?
True
Is 52842107 a composite number?
False
Is 184619957 a composite number?
True
Is 25256045 a composite number?
True
Is 4325239 a prime number?
False
Is 2703533 composite?
True
Is 4897703 a prime number?
True
Is 119813531 prime?
True
Is 3953177 prime?
False
Is 14687653 prime?
True
Is 58392181 a prime number?
False
Is 14063017 composite?
False
Is 25204357 composite?
True
Is 4312357 composite?
True
Is 41224783 composite?
True
Is 626150797 a prime number?
True
Is 12472511 composite?
True
Is 130201909 a prime number?
False
Is 236278897 a prime number?
True
Is 10991433 a composite number?
True
Is 6640061 a prime number?
True
Is 5432179 prime?
True
Is 392533951 a composite number?
False
Is 105794521 composite?
True
Is 23358745 a prime number?
False
Is 30846797 a prime number?
True
Is 565681682 a prime number?
False
Is 1490191 composite?
True
Is 317327 a composite number?
False
Is 36675589 a prime number?
True
Is 85340491 composite?
True
Is 205047617 composite?
False
Is 7000913 a composite number?
False
Is 3059479 a composite number?
True
Is 9638159 composite?
False
Is 729683 composite?
True
Is 248681341 prime?
False
Is 18841699 prime?
True
Is 44623423 a prime number?
False
Is 3318391 composite?
True
Is 8289949 a prime number?
True
Is 1006427 composite?
True
Is 26897803 a prime number?
True
Is 5297689 a prime number?
False
Is 40949 a composite number?
False
Is 37173823 prime?
False
Is 332310757 a composite number?
True
Is 38850659 a prime number?
True
Is 7147117 prime?
True
Is 32415913 a composite number?
True
Is 640847 prime?
True
Is 8120053 a composite number?
True
Is 23093974 composite?
True
Is 104231971 prime?
True
Is 242229371 a composite number?
False
Is 55207897 prime?
False
Is 91607 a composite number?
True
Is 2645821 a prime number?
False
Is 3664781 a prime number?
True
Is 1076201 a prime number?
False
Is 1049791 a prime number?
True
Is 78894337 a composite number?
True
Is 9341414 a composite number?
True
Is 258949 a composite number?
False
Is 101399 a composite number?
False
Is 41552417 a prime number?
False
Is 169209697 prime?
True
Is 170661091 a composite number?
True
Is 23875963 prime?
True
Is 10015127 a prime number?
True
Is 352343 a composite number?
True
Is 41399 composite?
False
Is 72805589 a composite number?
False
Is 2538917 a composite number?
False
Is 218663 composite?
True
Is 206381813 a composite number?
True
Is 2260127 a composite number?
False
Is 248081791 prime?
False
Is 7790789 a composite number?
True
Is 42386567 prime?
False
Is 6124901 prime?
True
Is 35817505 a composite number?
True
Is 36164813 a prime number?
False
Is 588513311 prime?
True
Is 215727 prime?
False
Is 11412461 a composite number?
True
Is 2345851 composite?
True
Is 4611253 a prime number?
False
Is 3828173 composite?
True
Is 5349629 a composite number?
False
Is 4791109 a composite number?
False
Is 4025031 a composite number?
True
Is 1433181 a composite number?
True
Is 11996643 composite?
True
Is 11286437 a composite number?
True
Is 1548863 composite?
True
Is 1580251 a composite number?
False
Is 59223469 composite?
False
Is 259349 prime?
False
Is 36908707 prime?
False
Is 6923303 prime?
True
Is 4710883 a composite number?
True
Is 22458617 a composite number?
False
Is 113486759 prime?
True
Is 3257063 a composite number?
False
Is 4510229 a composite number?
False
Is 10479437 composite?
False
Is 3558299 a composite number?
False
Is 1695587 a prime number?
False
Is 335861621 a composite number?
True
Is 877303 a composite number?
True
Is 846119 a prime number?
False
Is 41339731 a composite number?
False
Is 274972247 prime?
False
Is 2244859 prime?
True
Is 751867 composite?
False
Is 3637621 prime?
False
Is 5260219 prime?
True
Is 220463189 prime?
False
Is 121065121 a composite number?
False
Is 1491817 a composite number?
True
Is 3445297 prime?
True
Is 129038267 composite?
False
Is 2459077 composite?
True
Is 4430299 composite?
False
Is 241384807 prime?
False
Is 25844271 a prime number?
False
Is 53159179 composite?
True
Is 2286953 prime?
True
Is 33013891 prime?
True
Is 519499727 composite?
True
Is 888829 composite?
True
Is 11575397 a prime number?
True
Is 28513493 a prime number?
True
Is 111687289 composite?
True
Is 185620247 a prime number?
True
Is 4201049 composite?
True
Is 4319189 composite?
True
Is 211727039 a prime number?
True
Is 5562803 composite?
True
Is 2458019 a prime number?
True
Is 14969239 prime?
False
Is 1075259 prime?
True
Is 127399759 prime?
True
Is 24613707 a prime number?
False
Is 88176061 prime?
True
Is 297411 composite?
True
Is 9517153 prime?